ors of 8944.
2, 13, 43
List the prime factors of 496.
2, 31
What are the prime factors of 535?
5, 107
List the prime factors of 1001.
7, 11, 13
List the prime factors of 1227.
3, 409
List the prime factors of 25358.
2, 31, 409
List the prime factors of 6412.
2, 7, 229
What are the prime factors of 16957?
31, 547
What are the prime factors of 1734?
2, 3, 17
What are the prime factors of 19370?
2, 5, 13, 149
List the prime factors of 695.
5, 139
What are the prime factors of 9687?
3, 3229
What are the prime factors of 167538?
2, 3, 7, 3989
What are the prime factors of 8016?
2, 3, 167
What are the prime factors of 14112?
2, 3, 7
What are the prime factors of 328?
2, 41
What are the prime factors of 7187?
7187
List the prime factors of 4693.
13, 19
What are the prime factors of 411?
3, 137
List the prime factors of 568.
2, 71
What are the prime factors of 5926?
2, 2963
List the prime factors of 426.
2, 3, 71
List the prime factors of 154.
2, 7, 11
What are the prime factors of 120650?
2, 5, 19, 127
List the prime factors of 1982.
2, 991
What are the prime factors of 1170?
2, 3, 5, 13
What are the prime factors of 96?
2, 3
List the prime factors of 2928.
2, 3, 61
What are the prime factors of 4689?
3, 521
What are the prime factors of 54779?
54779
What are the prime factors of 15017?
15017
What are the prime factors of 134658?
2, 3, 7481
What are the prime factors of 239?
239
What are the prime factors of 2522?
2, 13, 97
What are the prime factors of 7121?
7121
What are the prime factors of 643?
643
What are the prime factors of 7765?
5, 1553
List the prime factors of 13403.
13, 1031
List the prime factors of 990.
2, 3, 5, 11
What are the prime factors of 7086?
2, 3, 1181
List the prime factors of 4721.
4721
List the prime factors of 17055.
3, 5, 379
What are the prime factors of 34953?
3, 61, 191
What are the prime factors of 1143?
3, 127
List the prime factors of 8812.
2, 2203
List the prime factors of 22977.
3, 23, 37
List the prime factors of 1666.
2, 7, 17
List the prime factors of 6428.
2, 1607
List the prime factors of 30073.
17, 29, 61
List the prime factors of 2472.
2, 3, 103
What are the prime factors of 154921?
13, 17, 701
List the prime factors of 2121.
3, 7, 101
What are the prime factors of 90999?
3, 10111
What are the prime factors of 54444?
2, 3, 13, 349
List the prime factors of 2567.
17, 151
What are the prime factors of 1955?
5, 17, 23
List the prime factors of 45941.
7, 6563
List the prime factors of 3862.
2, 1931
What are the prime factors of 27715?
5, 23, 241
List the prime factors of 2220.
2, 3, 5, 37
What are the prime factors of 4209?
3, 23, 61
What are the prime factors of 41299?
41299
List the prime factors of 5837.
13, 449
List the prime factors of 2099.
2099
List the prime factors of 16879.
16879
What are the prime factors of 132831?
3, 14759
List the prime factors of 401.
401
What are the prime factors of 194771?
194771
List the prime factors of 832.
2, 13
What are the prime factors of 35136?
2, 3, 61
List the prime factors of 361.
19
What are the prime factors of 352?
2, 11
List the prime factors of 20474.
2, 29, 353
What are the prime factors of 16819?
11, 139
What are the prime factors of 5159?
7, 11, 67
List the prime factors of 1729.
7, 13, 19
List the prime factors of 18153.
3, 2017
What are the prime factors of 172?
2, 43
What are the prime factors of 13766?
2, 6883
List the prime factors of 9616.
2, 601
What are the prime factors of 681?
3, 227
List the prime factors of 613.
613
List the prime factors of 1112.
2, 139
List the prime factors of 4842.
2, 3, 269
List the prime factors of 123446.
2, 61723
What are the prime factors of 1959?
3, 653
What are the prime factors of 71070?
2, 3, 5, 23, 103
List the prime factors of 16624.
2, 1039
What are the prime factors of 2182?
2, 1091
What are the prime factors of 7054?
2, 3527
What are the prime factors of 28763?
7, 587
What are the prime factors of 14870?
2, 5, 1487
What are the prime factors of 3104?
2, 97
What are the prime factors of 4371?
3, 31, 47
What are the prime factors of 1421?
7, 29
What are the prime factors of 620?
2, 5, 31
What are the prime factors of 1229?
1229
What are the prime factors of 960?
2, 3, 5
What are the prime factors of 39690?
2, 3, 5, 7
What are the prime factors of 3995?
5, 17, 47
What are the prime factors of 13121?
13121
List the prime factors of 781.
11, 71
List the prime factors of 289.
17
List the prime factors of 2630.
2, 5, 263
What are the prime factors of 773?
773
What are the prime factors of 166?
2, 83
List the prime factors of 1866.
2, 3, 311
What are the prime factors of 10256?
2, 641
What are the prime factors of 4317?
3, 1439
What are the prime factors of 54177?
3, 18059
What are the prime factors of 1471?
1471
List the prime factors of 1145.
5, 229
What are the prime factors of 1349?
19, 71
What are the prime factors of 948?
2, 3, 79
List the prime factors of 2047.
23, 89
List the prime factors of 2190.
2, 3, 5, 73
List the prime factors of 18446.
2, 23, 401
List the prime factors of 663.
3, 13, 17
What are the prime factors of 8112?
2, 3, 13
What are the prime factors of 12076?
2, 3019
List the prime factors of 42669.
3, 11, 431
List the prime factors of 34.
2, 17
List the prime factors of 1089.
3, 11
List the prime factors of 9883.
9883
List the prime factors of 3958.
2, 1979
What are the prime factors of 17911?
17911
What are the prime factors of 1389?
3, 463
List the prime factors of 87328.
2, 2729
What are the prime factors of 1474?
2, 11, 67
List the prime factors of 224.
2, 7
List the prime factors of 2134.
2, 11, 97
What are the prime factors of 3138?
2, 3, 523
List the prime factors of 837.
3, 31
What are the prime factors of 79950?
2, 3, 5, 13, 41
What are the prime factors of 3220?
2, 5, 7, 23
List the prime factors of 8517.
3, 17, 167
List the prime factors of 1817.
23, 79
List the prime factors of 251.
251
List the prime factors of 1573.
11, 13
List the prime factors of 1058.
2, 23
List the prime factors of 303.
3, 101
What are the prime factors of 13756?
2, 19, 181
What are the prime factors of 33212?
2, 19, 23
List the prime factors of 194.
2, 97
What are the prime factors of 3676?
2, 919
List the prime factors of 28722.
2, 3, 4787
What are the prime factors of 955?
5, 191
List the prime factors of 9669.
3, 11, 293
What are the prime factors of 2809?
53
What are the prime factors of 6871?
6871
List the prime factors of 2043.
3, 227
List the prime factors of 2897.
2897
List the prime factors of 562.
2, 281
What are the prime factors of 10607?
10607
What are the prime factors of 291?
3, 97
What are the prime factors of 384?
2, 3
List the prime factors of 16379.
11, 1489
What are the prime factors of 8761?
8761
What are the prime factors of 1503?
3, 167
List the prime factors of 36501.
3, 23
What are the prime factors of 1697?
1697
What are the prime factors of 5562?
2, 3, 103
What are the prime factors of 2698?
2, 19, 71
List the prime factors of 16270.
2, 5, 1627
List the prime factors of 29415.
3, 5, 37, 53
List the prime factors of 32298.
2, 3, 7, 769
What are the prime factors of 9231?
3, 17, 181
List the prime factors of 4023.
3, 149
List the prime factors of 7037.
31, 227
What are the prime factors of 5782?
2, 7, 59
List the prime factors of 803.
11, 73
What are the prime factors of 16818?
2, 3, 2803
What are the prime factors of 17210?
2, 5, 1721
What are the prime factors of 29150?
2, 5, 11, 53
What are the prime factors of 42620?
2, 5, 2131
List the prime factors of 1315.
5, 263
List the prime factors of 126873.
3, 37, 127
List the prime factors of 59081.
11, 41, 131
What are the prime factors of 9060?
2, 3, 5, 151
What are the prime factors of 1547?
7, 13, 17
List the prime factors of 2425.
5, 97
What are the prime factors of 8327?
11, 757
What are the prime factors of 1024?
2
What are the prime factors of 1723?
1723
What are the prime factors of 99497?
99497
List the prime factors of 1570.
2, 5, 157
What are the prime factors of 21444?
2, 3, 1787
List the prime factors of 19304.
2, 19, 127
What are the prime factors of 460?
2, 5, 23
What are the prime factors of 14299?
79, 181
List the prime factors of 2272.
2, 71
List the prime factors of 555.
3, 5, 37
List the prime factors of 48621.
3, 